 t = 22 - 16. Let m(d) = -2*d - 12. Let h be m(-4). What is the units digit of (-1)/((-3)/t) - h?
6
Let s(l) be the first derivative of l**3/3 + 6*l**2 - 5*l + 4. Let v be s(-10). What is the units digit of (-4)/(-10) + (-490)/v?
0
Suppose -2*r + 4*i = -10, r + 3*i = -i + 17. What is the hundreds digit of r/15 - 4485/(-25)?
1
Let z(s) = -4*s**3 - s**2 - 32*s - 10. What is the units digit of z(-5)?
5
Let c = 8 + -8. Suppose f - 1 = -c*f. Let t(k) = 9*k - 1. What is the units digit of t(f)?
8
Suppose 4*t + 200 = 4*s, -t + 5*t + 3*s + 214 = 0. Let l = t - 20. What is the units digit of ((-1)/(-2))/((-18)/l)?
2
Suppose 4*y - 2*f - 678 = -y, 0 = y - 2*f - 142. Suppose 0 = -2*s + i + y, 5*s + 3*i - 490 + 144 = 0. What is the units digit of s?
8
Let q = -127 + 219. Let n(j) = 6*j - 35. Let g be n(-5). Let x = q + g. What is the tens digit of x?
2
Let h(x) = x**2 - x - 2. Let w be h(3). Suppose 17 + 3 = w*p. Let t(m) = -m**3 + 6*m**2 - 4*m + 7. What is the units digit of t(p)?
2
Let r be (-121)/2 - (-13)/26. Let m be (r/(-50))/(6/(-260)). Let a = m + 79. What is the units digit of a?
7
Let c(p) = 2*p**2 - 16*p - 12. Suppose -4*z + 2*j = -15 - 13, 0 = -5*z - 2*j + 53. Let n be c(z). Suppose -2*q = -n*q + 224. What is the units digit of q?
6
Let i(b) = 5*b**2 + 5*b + 27. Let z(t) = -t**2 - t - 1. Let l(d) = -i(d) - 6*z(d). What is the tens digit of l(-11)?
8
Suppose 3*k - 3*f + 4*f = 31, 0 = -3*k + f + 23. Let x(c) = c**3 - 10*c**2 + 6*c - 3. Let q be x(k). What is the units digit of q/(-45) + 128/6?
2
Let h = -13 + -6. Let y = 25 + h. What is the units digit of 60/9 - y/9?
6
Let h(n) = -3*n - 15. Let j be h(-7). Let f = -8 - -16. Suppose -j = 2*w - f. What is the units digit of w?
1
Let w(p) = 553*p - 49. What is the tens digit of w(1)?
0
What is the tens digit of 415/45 - 9 - (-6145)/9?
8
Let z(m) = 7*m + 107. What is the hundreds digit of z(33)?
3
Suppose z = -k + 1711, -3*k + 3*z + 1807 = -3332. What is the tens digit of k?
1
Let i(p) = -429*p**3 - p**2 + 9*p + 20. What is the units digit of i(-2)?
0
Suppose -5334 = -25*b - 759. What is the tens digit of b?
8
Let r(b) be the second derivative of 28*b**3/3 + b**2 + 5*b. What is the tens digit of r(1)?
5
Let o be ((-10)/(-3))/((-6)/(-9)). Suppose -6*y - 20 = -3*y - o*t, -y = -5*t. What is the units digit of y*2/(-4 + 0)?
5
Let p(c) = c**2 - 2*c - 1. Let h be (-1)/(-3) + 8/12. Suppose -h = -z + 3. What is the units digit of p(z)?
7
Suppose -r + 41 = -29. Suppose -j + 70 = -3*v, j + 4*v = 3*v + r. Suppose 0 = -5*n - 0*k + 2*k + j, -3*k = -3*n + 42. What is the tens digit of n?
1
Suppose -4*v - n + 24 = -3*n, -5*n = 2*v + 12. Let s(u) be the first derivative of u**4/4 - 2*u**3/3 - 3*u**2/2 + 2*u - 36. What is the units digit of s(v)?
2
Suppose -6*g = -20*j + 22*j - 2956, 9 = 3*g. What is the units digit of j?
9
Let s(y) = 121*y**3 - y**2 + 2*y + 1. Let b(m) = -122*m**3 + 2*m**2 - 3*m - 2. Let j(u) = 2*b(u) + 3*s(u). What is the tens digit of j(1)?
1
Let z(p) = 2*p**2 - 6*p + 1. Suppose 16 = -4*h + 6*h. What is the tens digit of z(h)?
8
Let v(p) = -5*p + 2. Let k = -13 + 16. Suppose 5*t - 20 = k*c, -3*c + 5*t - 25 = c. What is the tens digit of v(c)?
2
Suppose -3244 = -272*s + 269*s - m, -2*s = m - 2163. What is the tens digit of s?
8
Let k be 9/(27/12) + -1. Suppose 0 = -2*d - o + 122, -k*o - 114 = -2*d - 0*o. What is the units digit of d?
0
Let o(n) = n**2 + 2*n - 14. Let c be o(-5). What is the tens digit of c/4 + (-158)/(-8)?
2
Suppose -c + 44 = -12*r + 11*r, 2*r - 206 = -4*c. What is the tens digit of c?
4
Let h(o) = -o + 13. Let c be h(7). Let z(a) = 7*a + 2. What is the units digit of z(c)?
4
Let u = 256 - 391. Let l = u - -224. What is the units digit of l?
9
What is the hundreds digit of 52*(-14)/(252/(-1431))?
1
Let m(u) = -8*u**2 - 4. Let x(v) = -v**3 - v. Let d(i) = m(i) - x(i). Let r be d(8). Suppose 3*a - 2 = -2*l + 6*l, 0 = -r*a + 8. What is the units digit of l?
1
Suppose 2*p = -2*q + 1802, -3 = 107*p - 106*p. What is the hundreds digit of q?
9
Let t = 17550 - 11067. What is the thousands digit of t?
6
Let a be (-1790)/(-10) + 6/2. Let w = -22 + a. What is the tens digit of w?
6
Suppose 24*p - 4558 - 8594 = 0. What is the tens digit of p?
4
Let k(t) = t**3 - 9*t**2 + 2*t + 11. Suppose -4*c - 6 = -5*l, -3*l = -4*c + 1 - 3. Let q be l/1*9/2. What is the units digit of k(q)?
9
Suppose -4*k + 2*w = -3 - 3, -3*k = -5*w + 13. Suppose a + x = -2*a + 122, -4*x = k*a - 152. What is the units digit of a?
2
Let c be (-209 - -2) + (1 - -1). Let d = -63 - c. What is the units digit of d?
2
Let u = 383 - -1077. What is the units digit of u?
0
Let i = 7579 - 4342. What is the hundreds digit of i?
2
Let x(n) = 4*n**2 - n**3 - n + 4*n - 3*n**2 + 4*n**2. Suppose -4 = -3*u + 2*u. What is the units digit of x(u)?
8
Let n(d) = 3*d - 7. Let o be n(-7). Let t be o/182 - (-134)/26. Suppose 0 = -3*h - t + 56. What is the tens digit of h?
1
Let q(t) = 6*t**2 - 10*t - 16. Let r be q(-7). Suppose -5*p + r = -177. What is the hundreds digit of p?
1
Let t = 235 - 163. Let i = 40 + t. What is the units digit of i?
2
Let c be 0/2*5/(-10). What is the units digit of c - 2/2*-3?
3
Let o(t) = t**2 + 5*t + 3. Let v be o(-2). Let m be 2/6 - (-16)/6 - -29. Let y = v + m. What is the tens digit of y?
2
Let f(o) = o**2 + 9*o + 20. Let g be f(-8). Let t = g - 4. What is the units digit of (-23 - 1)/((-12)/t)?
6
Let k = -148 - -219. Let l be 0/((-4)/(2/1)). Suppose 5*m + y - k = 34, 3*m - 2*y - 76 = l. What is the tens digit of m?
2
Let c = 50 + -2. Let b = c - -66. What is the units digit of b?
4
Suppose 0 = -3*w + 7*w - 52. Suppose -2*x + b = -8, -5*x - b + w + 21 = 0. What is the units digit of x?
6
Let h(x) be the first derivative of 3*x**3/2 + x**2/2 - 9*x - 8. Let l(a) be the first derivative of h(a). What is the units digit of l(1)?
0
Suppose 7*m = 10*m + 12. Let p be 16/m*(-34)/(-8). What is the tens digit of (2 + -1)/((-1)/p)?
1
Suppose 10 = -2*c, -2*c - 93 = 4*t - c. Let y = -19 - t. What is the tens digit of (-1390)/(-30) - (-2)/y?
4
Let v be ((-6)/2 - -3) + -1. What is the units digit of (207 - v)/4 + 0?
2
Let m(r) = -32*r - 48. Let g be m(-18). Suppose -10*d + g = -8*d. What is the tens digit of d?
6
Let q(n) = -3*n - 3. Let g be q(4). Let k be g/(-1) + 2 + -3. Let r = k - 13. What is the units digit of r?
1
Let c(l) = -l - 4. Let i be c(3). What is the units digit of 3936/56 - (-2)/i?
0
Suppose 0 = -5*o + 14 + 11. Suppose 4*i + 5*l = 86, -o*l + 0*l = 3*i - 62. Suppose 3*z - i - 54 = 0. What is the tens digit of z?
2
Suppose -t = 5*u + 15 + 19, 4*u - t = -20. Let j(v) = -2*v - 28. Let o(f) = -f - 14. Let q(x) = 4*j(x) - 9*o(x). What is the units digit of q(u)?
8
Suppose -2*s = 4*w - 34, 0 = -5*w - s - 2*s + 40. Let z be (-6)/12 - w/(-2). Suppose 5 = z*t - 10. What is the units digit of t?
3
Let h be 12/(-8)*(-4)/6*2. Suppose -14 + 4 = -h*i. What is the units digit of i?
5
Suppose 2*k - 7*k + 830 = 0. Let u = k + -91. What is the tens digit of u?
7
Let n(c) = 139*c**2 - 16*c + 31. What is the tens digit of n(2)?
5
What is the units digit of (-7 + 9839)*14/56?
8
Suppose 5*r - 13 = -93. Let p = 19 + r. What is the units digit of p?
3
Suppose n - 10 + 0 = -5*c, -3*n = 0. Let x = -33 - -20. Let t = c - x. What is the tens digit of t?
1
Let i(x) = 14*x + 14. Let d be i(-5). What is the tens digit of ((-147)/(-14))/((-6)/d*1)?
9
Suppose -5*z = -4*o - 226, -4*z + 206 = -o + 34. What is the units digit of 18/(-1)*5/((-45)/z)?
4
Let h(r) = 6*r - 1 + 0*r - r**2 + 3*r + 3. Suppose 5*p + 8 = l - 19, 4*p = 2*l - 30. What is the tens digit of h(l)?
1
Suppose -5*v + 125 = -2*l, 0 = 2*v - l + 11 - 61. Let j = 117 + -128. Let r = j + v. What is the tens digit of r?
1
Let s(z) = z + 19. Let q be s(-18). Suppose -3*v + 8 = -q. Suppose -k + 5*j + 1 = -3, -v*j + 60 = 2*k. What is the tens digit of k?
2
Suppose -12*a + 358 = -62. Let o = 124 + a. What is the tens digit of o?
5
Let x be (-3)/6*-1 + (-175)/2. Let v = 36 - x. What is the units digit of v?
3
Let d(b) = 6*b**2 + b - 2. Let j be d(1). Let k(x) = -x**2 + 9*x - 12. What is the units digit of k(j)?
8
Let j = 50 + -20. Suppose -4*i + j = -5*h, -i - 2*i + 19 = -2*h. What is the units digit of (5 + h)/(1/4)?
2
Let q = 23 - 147. Let l = -196 - q. What is the units digit of l/27*33/